{"id":3639,"date":"2024-12-17T11:46:44","date_gmt":"2024-12-17T02:46:44","guid":{"rendered":"https:\/\/kuis.kandagaigo.ac.jp\/relayjournal\/?page_id=3639"},"modified":"2025-04-14T10:15:00","modified_gmt":"2025-04-14T01:15:00","slug":"kato_et_al","status":"publish","type":"page","link":"https:\/\/kuis.kandagaigo.ac.jp\/relayjournal\/issues\/7_2\/kato_et_al\/","title":{"rendered":"Advising in Language Learning Symposium at PLL5"},"content":{"rendered":"\n<p>Satoko Kato, Kanda University of International Studies, Japan<br>Walkyria Magno e Silva, Federal University of Par\u00e1, Brazil<br>Jo Mynard, Kanda University of International Studies, Japan<br>Deirdre N\u00ed Loingsigh, University of Limerick, Ireland<br>Scott J. Shelton-Strong, Kanda University of International Studies, Japan<br>Maria Giovanna Tassinari, Freie Universit\u00e4t Berlin, Germany<br>Maria Clara Vianna S\u00e1 e Matos, Federal University of Par\u00e1, Brazil<\/p>\n\n\n\n<p>Kato, S., Magno e Silva, W., Mynard, J., N\u00ed Loingsigh, D., J. Shelton-Strong, S., Giovanna Tassinari, M. &amp; Clara Vianna S\u00e1 e Matos, M. (2024). Advising in Language Learning Symposium at PLL5. <em>Relay Journal, 7<\/em>(2), 109-113. <a href=\"https:\/\/doi.org\/10.37237\/relay\/070205\">https:\/\/doi.org\/10.37237\/relay\/070205<\/a><\/p>\n\n\n\n<p><a href=\"https:\/\/drive.google.com\/file\/d\/12tH87wbI8W4w1QatjizDarxNgCLztwT7\/view?usp=sharing\">[Download paginated PDF version]<\/a><\/p>\n\n\n\n<p><strong>Abstract<\/strong><\/p>\n\n\n\n<p>This paper is a summary of the presentations held at the Advising in Language Learning symposium at the 5th Psychology of Language Learning Conference (PLL5) in Madrid. Advising in language learning (ALL) is a personalised approach that fosters learner autonomy through reflective dialogue. Presentations from researchers in Japan, Germany, Brazil, and Ireland highlighted ALL\u2019s role in promoting holistic language learning and addressing learners\u2019 psychological needs of autonomy, competence, and relatedness. The symposium emphasised the transformative potential of ALL in diverse cultural and educational contexts, showcasing its impact on learner confidence and well-being. It called for further research and international collaboration to expand advisor education and explore ALL\u2019s global impact.<\/p>\n\n\n\n<p><em>Keywords<\/em>: Advising in language learning, psychology of language learning,<br>advisor education, learner autonomy, well-being<\/p>\n\n\n\n<p>The 5th Psychology of Language Learning Conference (PLL5) was held at the National Distance Education University in Madrid and organised by the International Association for the Psychology of Language Learning (IAPLL) from May 16th to 18th, 2024. This paper is a summary of the <em>Advising in Language Learning: Preparing Learners and Educators for a Personalised Approach to Language Education<\/em> symposium held on Friday, May 16<sup>th<\/sup>. Advising in Language Learning (ALL) is a personalised approach where educators support learners through reflective dialogue, helping them become more autonomous and effective in their language learning. This approach is deeply rooted in psychological processes and aims to enhance learner self-awareness and ownership of their learning journey. The symposium explored the concept of ALL and showcased its applications across different countries. This paper was collaboratively written by the seven contributing researchers, five of whom attended the symposium in person.<\/p>\n\n\n\n<p>The first presentation, <em>Examining shifts in teacher beliefs and practices through advisor education<\/em>, was delivered by Satoko Kato from Kanda University of International Studies, Japan (the paper was co-authored with Jo Mynard also from Kanda University of International Studies, who unfortunately could not attend in person). The advisor education programme has been offered for more than ten years, and courses are designed to equip teachers with advising skills that promote learner autonomy. The researchers shared insights into research into participants\u2019 shifts in beliefs after taking the online courses that started in 2020. Data collected during the past three years (e.g., diaries, surveys, and interviews) highlight how teachers\u2019 educational practices became more holistic, with a stronger focus on emotions and well-being alongside traditional language outcomes. The researchers observed significant shifts in participants\u2019 beliefs and practices from taking the courses.<\/p>\n\n\n\n<p>Following this, Scott Shelton-Strong from Kanda University of International Studies, Japan, and Maria Giovanna Tassinari from Freie Universit\u00e4t Berlin, Germany, presented <em>Supporting learners\u2019 basic psychological needs in advising sessions: A self-determination theory perspective<\/em>. Drawing on self-determination theory (Ryan &amp; Deci, 2017) and examples of advising dialogue, the presenters discussed ways in which advising can be understood as a practice supportive of learners\u2019 basic psychological needs of autonomy, competence, and relatedness. The presentation illustrated how reflective dialogue in advising can support autonomous motivation and well-being, drawing on both quantitative and qualitative findings from two studies in progress. These findings included examples of how language learners\u2019 perceptions of their involvement in advising sessions were experienced as supportive of learners\u2019 basic psychological needs and how reflective dialogue in advising can be instrumental in facilitating an autonomy-supportive learning climate. The findings were illustrated with examples of advising dialogues with students in Germany, which were connected to specific advisor practices, drawing on a classification of advising behaviours supportive of basic psychological needs, which the authors had previously developed (Shelton-Strong &amp; Tassinari, 2022). In the Japanese context, drawing on student\u2019s self-reports as well as questionnaire data, preliminary results from the study in progress highlighted how advising was experienced as highly autonomy-supportive, with students\u2019 relationships with advisors being perceived as supportive of their basic psychological needs\u2013\u2013with this becoming stronger over repeated advising sessions.<\/p>\n\n\n\n<p>The third presentation, <em>Advising in language learning at a northern brazilian university<\/em>, was delivered by Walkyria Magno e Silva from the Federal University of Par\u00e1, Brazil (also representing Maria Clara Vianna S\u00e1 e Matos from the same institution, who unfortunately could not be present in person). The researchers detailed the development and impact of an advising programme initiated in 2011 at their university. This programme aimed to enhance learner autonomy and motivation, showing positive outcomes such as improved language learning and increased student confidence. They also discussed future plans to expand advising practices and research within Brazil.<\/p>\n\n\n\n<p>Deirdre N\u00ed Loingsigh from the University of Limerick, Ireland, concluded the symposium with her presentation <em>Visualising the big picture: Advising as a language support intervention in ireland<\/em>. N\u00ed Loingsigh shared insights from a module on learner autonomy for adult learners of Irish. Here, vision boards and future self-exercises were discussed in one-to-one and group language advising consultations. The impact of advising on learners\u2019 linguistic confidence was highlighted. Their connection to the Irish language community and their individual and collective desire to make a contribution to the vibrancy of Irish in their daily lives was also evident in the oral and visual narratives of the adult learners. These findings have prompted the researcher to advocate for the use of ALL as a language support intervention in Ireland, where Irish is a minority language. With this in mind, N\u00ed Loingsigh shared her broad vision for the development of the professional practice of language advising to meet the support requirements of learners of Irish beyond the classroom, in the workplace and community. A specific reference was made to the recent launch of a professional development programme called <em>Language Coaching in the Workplace<\/em> at her university. The need for further research on contextualising ALL and language advising behaviours in the organisational, adult learning, and community contexts\u200b was put forward in the conclusion of the presentation.<\/p>\n\n\n\n<p>The symposium underscored the importance of advising in language learning, demonstrating its effectiveness in various cultural and educational contexts. Collectively, the presenters highlighted the need for advisor education programmes, the critical role of advising in supporting learners\u2019 psychological needs, and the positive outcomes of advising interventions. The discussions provided valuable insights into the potential for advising to transform language education, fostering learner autonomy and well-being.<\/p>\n\n\n\n<p>In conclusion, the presenters emphasised the future of advising in language learning, including expanding advisor education opportunities, offering courses in multiple languages, and conducting follow-up studies to explore the impact of advising further. The researchers called for ongoing research and collaboration to enhance advising practices and support learners worldwide, ensuring that advising continues to play a transformative role in language education.<\/p>\n\n\n\n<p><strong>Notes on the Contributors<\/strong><\/p>\n\n\n\n<p>Satoko Kato is an associate professor at the Research Institute for Learner Autonomy Education at Kanda University of International Studies (KUIS) in Japan. She is also a lecturer at the Graduate School at KUIS (MA TESOL program). She holds a PhD in Education from Hiroshima University and a Master\u2019s in TESOL from Teachers College, Columbia University, NY.<\/p>\n\n\n\n<p>Walkyria Magno e Silva is a professor of Applied Linguistics at the Federal University of Par\u00e1, Brazil, where she teaches doctoral and masters students in the graduate program and also undergraduate TEFL students. Her research interests include autonomy, motivation, and language advising in foreign language learning. In the last few years, she has analyzed these themes under the complexity systems paradigm. She has published in journals and books in her country and abroad.<\/p>\n\n\n\n<p>Jo Mynard is a professor in the Faculty of Global Liberal Arts, Director of the Self-Access Learning Center, and Director of the Research Institute for Learner Autonomy Education at Kanda University of International Studies in Chiba, Japan. She holds an M.Phil in Applied Linguistics (Trinity College Dublin, Ireland) and an Ed.D. in TEFL (University of Exeter, UK). Her research interests include advising in language learning, the psychology of language learning, and learning beyond the classroom.<\/p>\n\n\n\n<p>Deirdre N\u00ed Loingsigh is the Director of <em>Aonad na Gaeilge<\/em>, the Irish Language Centre, at the University of Limerick. She is Course Director of the Diploma in Applied Irish programme for adult learners and the MicroCredential programme Language Coaching in the Workplace. She lectures on Language Pedagogy on the Professional Master of Education (Languages) programme. Her research interests include the psychology of language learning, advising in language learning; language and wellbeing, and Community-Based Participatory Research.&nbsp;&nbsp;<\/p>\n\n\n\n<p>Scott Shelton-Strong<strong> <\/strong>is a Senior Learning Advisor at Kanda University of International Studies, Japan. His research interests include advising in language learning, self-determination theory, reflection as autonomy support, emotions in language learning, and developing an understanding of the connections which interlink these to learner flourishing and well-being both within and beyond the classroom. He has co\/authored book chapters, journal articles, and a co-edited volume related to these interests.<\/p>\n\n\n\n<p>Maria Giovanna Tassinari is the Director of the Centre for Independent Language Learning at the Language Centre of the Freie Universit\u00e4t Berlin, Germany. Her research interests are learner autonomy, language advising, and affect in language learning. She is the co-editor of several books and the author of articles and chapters in German, English, and French.<\/p>\n\n\n\n<p>Maria Clara Vianna S\u00e1 e Matos is a professor at the Federal University of Par\u00e1, Brazil, where she teaches undergraduate students in the TEFL program. In her doctoral studies, she focused on motivation connected to language learning advising, and both are seen under the complexity paradigm. She has published in national journals.<\/p>\n\n\n\n<p><strong>References<\/strong><\/p>\n\n\n\n<p>Ryan, R. M., &amp; Deci, E. L. (2017). <em>Self-determination theory: Basic psychological needs in motivation, development, and wellness.<\/em> The Guilford Press. https:\/\/doi.org\/10.1521\/978.14625\/28806<\/p>\n\n\n\n<p>Shelton-Strong, S. J., &amp; Tassinari, M. J.&nbsp;(2022). Facilitating an autonomy-supportive learning climate: Advising in language learning and basic psychological needs. In J. Mynard &amp; S. J. Shelton-Strong (Eds.), <em>Autonomy support beyond the language learning classroom: A self-determination theory perspective<\/em> (pp. 185\u2013205). Multilingual Matters.<\/p>\n","protected":false},"excerpt":{"rendered":"<p>Satoko Kato, Kanda University of International Studies, JapanWalkyria Magno e Silva, Federal University of Par\u00e1, BrazilJo Mynard, Kanda University of International Studies, JapanDeirdre N\u00ed Loingsigh, University of Limerick, IrelandScott J. Shelton-Strong, Kanda University of International Studies, JapanMaria Giovanna Tassinari, Freie Universit\u00e4t Berlin, GermanyMaria Clara Vianna S\u00e1 e Matos, Federal University of Par\u00e1, Brazil Kato, S., &hellip; <a href=\"https:\/\/kuis.kandagaigo.ac.jp\/relayjournal\/issues\/7_2\/kato_et_al\/\" class=\"more-link\">Continue reading<span class=\"screen-reader-text\"> &#8220;Advising in Language Learning Symposium at PLL5&#8221;<\/span><\/a><\/p>\n","protected":false},"author":12,"featured_media":0,"parent":3619,"menu_order":0,"comment_status":"open","ping_status":"closed","template":"","meta":[],"_links":{"self":[{"href":"https:\/\/kuis.kandagaigo.ac.jp\/relayjournal\/wp-json\/wp\/v2\/pages\/3639"}],"collection":[{"href":"https:\/\/kuis.kandagaigo.ac.jp\/relayjournal\/wp-json\/wp\/v2\/pages"}],"about":[{"href":"https:\/\/kuis.kandagaigo.ac.jp\/relayjournal\/wp-json\/wp\/v2\/types\/page"}],"author":[{"embeddable":true,"href":"https:\/\/kuis.kandagaigo.ac.jp\/relayjournal\/wp-json\/wp\/v2\/users\/12"}],"replies":[{"embeddable":true,"href":"https:\/\/kuis.kandagaigo.ac.jp\/relayjournal\/wp-json\/wp\/v2\/comments?post=3639"}],"version-history":[{"count":8,"href":"https:\/\/kuis.kandagaigo.ac.jp\/relayjournal\/wp-json\/wp\/v2\/pages\/3639\/revisions"}],"predecessor-version":[{"id":3830,"href":"https:\/\/kuis.kandagaigo.ac.jp\/relayjournal\/wp-json\/wp\/v2\/pages\/3639\/revisions\/3830"}],"up":[{"embeddable":true,"href":"https:\/\/kuis.kandagaigo.ac.jp\/relayjournal\/wp-json\/wp\/v2\/pages\/3619"}],"wp:attachment":[{"href":"https:\/\/kuis.kandagaigo.ac.jp\/relayjournal\/wp-json\/wp\/v2\/media?parent=3639"}],"curies":[{"name":"wp","href":"https:\/\/api.w.org\/{rel}","templated":true}]}}